(-16). Suppose w*a = -5 + 17. Let k(d) = d**3 - 5*d**2 + 2*d + 2. Determine k(a).
-6
Let c = -151 - -151. Let p(h) = h + 10. Calculate p(c).
10
Let i(x) = x**3 - x**2 - 3*x + 2. Let l(m) = -m**2 - m. Let j(w) = -i(w) - l(w). Calculate j(4).
-18
Let u(h) be the third derivative of h**6/120 - h**5/30 - h**4/12 - h**3/3 + 2*h**2. Determine u(3).
1
Let o(h) be the third derivative of 0 + 9*h**2 + 1/12*h**4 + 0*h**3 + 1/60*h**5 + 0*h. Calculate o(-4).
8
Suppose -10*b = -7*b - 3*d - 21, 2*d = -4*b - 2. Let t(w) = 2*w + 0*w - w**2 - 3 + 0*w. Give t(b).
-3
Let h(g) be the first derivative of 5*g**4/2 + 2*g**3/3 + g**2 + g + 10. What is h(-1)?
-9
Let u = -1 - -3. Let z = u - 5. Let p(f) = -f**3 - 2*f**2 + f - 1. Give p(z).
5
Let m(j) = j**2 - 6*j - 8. Let x be m(8). Let w be ((-6)/x)/((-1)/(-8)). Let p(q) = -q**2 - 8*q - 3. What is p(w)?
9
Let r(l) = -3*l**3 + 7*l**2 - 6*l - 5. Let j(h) = -16*h**3 + 35*h**2 - 31*h - 25. Let y(t) = 2*j(t) - 11*r(t). Determine y(6).
-7
Let x be ((-20)/48)/(5/(-2)). Let f(u) be the third derivative of 0*u + x*u**3 + 1/4*u**4 + 1/60*u**5 + 0 - 4*u**2. Give f(-4).
-7
Suppose -6*h = -h - 50. Let x(i) = -i**2 + 9*i + 12. Let r be x(h). Let u(v) = 7*v - 2 - v**2 - 2*v**2 - 3*v. What is u(r)?
-6
Let c(t) be the second derivative of -t**3/3 + t**2 + 2*t. Let w(g) be the first derivative of g**3 - g**2/2 - 2. Let x be w(-1). Calculate c(x).
-6
Let n(q) = -6*q - 19. Let f(j) = 3*j + 10. Let k(i) = 11*f(i) + 6*n(i). Determine k(5).
-19
Let n = 14 - 19. Let r(z) = z**3 + 9*z**2 + 4*z + 5. Let l(s) = -2*s**3 - 19*s**2 - 7*s - 9. Let o(f) = n*r(f) - 2*l(f). Give o(-6).
-7
Suppose p - 2*p = -8. Suppose 0 = 3*h + f - 6, h = 4*f - 3 - p. Let u be (0 - (h + -2))*0. Let w(x) = -x**2 + x + 5. Determine w(u).
5
Let c(s) = s**3 + 5*s**2 - 7*s + 8. Suppose 0 = -b - 2*k - 12, -b = b - 4*k. Determine c(b).
14
Let n(r) = -r**3 + r**2 - 1. Let d(c) = c**3 + 2*c**2 - 4*c + 5. Let p = -5 - -6. Let l(m) = p*d(m) + 2*n(m). Suppose 0 = 2*o + o - 6. What is l(o)?
3
Let c(q) = 5*q + 6. Let w(y) = 6*y + 6. Suppose 0 = -4*h + 20 - 0. Let b = 1 + h. Let x(s) = b*w(s) - 7*c(s). Determine x(0).
-6
Let m be (3 - 3 - 0) + 5. Let o(i) = -i**3 + 6*i**2 - 7*i - 2. What is o(m)?
-12
Suppose 3*q + q + p - 38 = 0, p - 11 = -q. Let r(u) = -u**3 + 9*u**2 + u - 7. What is r(q)?
2
Let c be 4/14 - 33/(-7). Suppose 0 = -4*u + x - 5, u + c = -4*x - 9. Let g(n) = 2*n**2 + 2 - 1 - n**2 + 5*n. What is g(u)?
-5
Suppose 3*c + 0*c = 27. Let w = 16 - c. Let x = w - 10. Let o(h) = -h**3 - 4*h**2 - h + 4. What is o(x)?
-2
Let v(z) = -z**3 - 2*z**2 - 2*z. Let a(s) = -4*s**3 - 8*s**2 - 9*s + 1. Let w(f) = -2*a(f) + 9*v(f). Give w(-3).
7
Let o(v) = -4*v - 4 + 0*v + 5 + 2*v. What is o(3)?
-5
Let t(b) = 6*b + 1. Let o be t(1). Let i(k) be the third derivative of k**4/24 - k**3/6 - 2*k**2 + k. Determine i(o).
6
Let a = -2 + 0. Let n(z) be the third derivative of -z**6/120 - z**5/30 - z**4/12 + 10*z**2. Determine n(a).
4
Let a be (-14)/(-56) - (-91)/4. Suppose -r + 24 = -4*f, r - 3*r + a = -3*f. Let c(m) = m - 2. Give c(r).
2
Let x(u) = u**3 - 14*u**2 - u + 18. Let z be x(14). Let m(j) be the second derivative of 0 - j - 5/12*j**z + 0*j**2 - 1/6*j**3. What is m(1)?
-6
Let g(k) be the first derivative of k**3/3 + 3*k**2/2 - 22. Let r be ((-5)/2)/5*6. Give g(r).
0
Let n(q) = -7*q**3 + 2*q**2 - 1. Suppose 2*p + 16 = p - 3*x, p + 5*x + 26 = 0. Calculate n(p).
8
Let f(q) = q**2 + 5*q + 6. Suppose 21 = -5*x - 9. Let h be (4/x)/((-1)/(-6)). What is f(h)?
2
Let i(a) = a**3 - 8*a**2 - 8*a - 5. Let k be i(9). Suppose 3*l - 4*l + 1 = 0. Let y(j) = -2*j**2 - 2*j + l + 4 + j**3 - j**2 - j**2. Calculate y(k).
-3
Let x be (-2 - 0)*(-2 - 0). Let o(j) = 3*j - 5. What is o(x)?
7
Let v(b) = 24*b - 7*b - 21*b + 1. Give v(2).
-7
Let g(z) = -3*z**2 - 6. Let w(q) = -1. Let t(l) = -g(l) + 6*w(l). Determine t(-1).
3
Let k(x) = -x - 1. Let r be 2/(-10)*(3 - 8). Determine k(r).
-2
Let n(b) = 0 + 7 - b**2 - 1 - 5 - 9*b. Give n(-8).
9
Suppose 5*h = 2*v + 2, -6*h - 4*v = -h - 26. Let y(p) = -6 - 4*p - 2*p**2 - 2*p**h + 5*p + 5. What is y(1)?
-4
Let w be 7/(-14) - (-10)/4. Let f(l) = -1 - 2*l - 1 + 2*l**w + l**3 + 3*l. Determine f(-2).
-4
Suppose -2*i = -0*w - w + 70, 0 = 3*i - 5*w + 98. Let x be (-9)/i + (-23)/(-4). Let r(h) = -h**2 + 7*h - 8. Give r(x).
-2
Let z = 1 - -5. Let s(w) = -14*w**3 + 26*w**2 - 12*w - 26. Let a(v) = 5*v**3 - 9*v**2 + 4*v + 9. Let q(j) = z*s(j) + 17*a(j). Calculate q(-3).
9
Let v(a) = -a + 14*a**2 + 3*a - 12*a - 15*a**2 - 7. Give v(-6).
17
Let n(r) be the third derivative of -r**8/20160 + r**7/1680 - r**6/120 + r**5/20 - r**2. Let x(o) be the third derivative of n(o). Give x(4).
-10
Let j(q) = -2*q + 5. Let w(t) = -t**2 - 9*t - 10. Let c be w(-7). Let f be j(c). Let z(d) = -6 + 3 + 1 - d. Determine z(f).
1
Let o(v) = -4*v**2 + 8*v - 9. Let r(d) = d**2 + 1. Let l(h) = -o(h) - 3*r(h). What is l(8)?
6
Let a be 10*(-3)/(-6) - 2. Let b(y) = y**2 - a*y - y - y. Determine b(4).
-4
Let z(f) be the third derivative of -f**6/360 - f**5/120 + f**4/24 - f**2. Let p(y) be the second derivative of z(y). Calculate p(-3).
5
Suppose -3*c = 3*c + 2*c. Let p(o) = 2 - 3 - o + 9. What is p(c)?
8
Let z(b) be the third derivative of b**5/60 - b**4/8 + b**3/3 + 2*b**2. Let s = -53 + 57. Calculate z(s).
6
Suppose -2*f + 3*p = -4*f - 5, f - 1 = 2*p. Let w be 6/(-8)*(3 - f). Let x = w - -8. Let a(k) = -k**3 + 4*k**2 + 5*k - 4. Calculate a(x).
-4
Suppose 4*x = -z - 16, -2*x = z - 5*x - 19. Let b(g) be the third derivative of g**4/24 + 2*g**3/3 + 3*g**2. Determine b(z).
8
Let x(n) = n**3 + 6*n**2 - 6*n + 7. Let c(b) = b**3 + 5*b**2 - 5*b + 6. Let q(h) = 6*c(h) - 5*x(h). Determine q(-1).
0
Let x(a) = a**3 - a**2 - 2*a + 3. Let p be x(2). Let t = -10 - -14. Let n(f) = 2 - t - f + p. Calculate n(5).
-4
Let u(c) = 2*c - 4. Let f(v) = -v**3 - 7*v**2 - 7*v - 2. Let y be f(-6). Suppose y*d = d + 15. What is u(d)?
6
Let v(i) be the third derivative of -7/24*i**4 + 0 + 0*i - 1/6*i**3 - 4*i**2. Calculate v(2).
-15
Let b(i) = i**3 - 8*i**2 - 4. Let x be (1 - 0) + -1*(-4 - 3). Determine b(x).
-4
Let h(w) = -w**2 - 6*w + 5. Let t be h(-6). Let c(n) = 2*n - 3*n + t - 2*n + 4*n. What is c(-4)?
1
Let q = -2 - -4. Let n be (-2)/((q + 0)/2). Let z(j) = j**3 + 2*j**2 + j. Give z(n).
-2
Suppose -3*r + x = -4*r - 1, 4*x = -5*r - 8. Let s(u) = -u**3 - 5*u**2 - 4*u - 3. Give s(r).
-3
Let p = -1 + 6. Suppose -3*h - 4 = p. Let n(v) = -9*v**3 - 2 - 3*v**2 + v**2 + 1 + 2*v + 8*v**3. Calculate n(h).
2
Let a(y) = y**2 - 6*y - 3. Let r be (1 + -3 - 1)*(-92)/(-69). Let m(o) = o - 3. Let z be m(-5). Let x be (r/z)/(1/10). Calculate a(x).
-8
Let x(y) = -y + 5. Let m be x(4). Let t(u) = -2*u - 4. Let z(q) = q + 3. Suppose 0 - 4 = -l. Let j(k) = l*t(k) + 5*z(k). Determine j(m).
-4
Let t be (-69)/(-21) + 2/(-7). Let l(n) be the first derivative of n**5/60 - n**2/2 + 3. Let o(r) be the second derivative of l(r). What is o(t)?
9
Let j(x) = 32 - 32 - 3*x. Let r(v) = -13*v + 1. Let l(q) = -9*j(q) + 2*r(q). Let y be (-4)/3*6/(-4). Determine l(y).
4
Let p(j) = j - 1. Let y(m) = m**2 + m - 3. Let a(l) = 2*p(l) - y(l). Calculate a(-2).
-5
Let m(x) = 2*x**2 - x - 2. Suppose -7*z = -2*z + 4*g - 3, 4*z - 5*g = 27. Calculate m(z).
13
Let u(i) = 3*i**2 - 2*i - 2. Let h be (-2)/(-10) + (-117)/(-65). What is u(h)?
6
Let z(g) = 4*g**2 + g**2 - 2*g - 4*g**2. Suppose -3*b - x = -17, 3*b = 5*x - 8 - 5. Let q be (-1)/4 + (-7)/b. What is z(q)?
8
Let d be (8/(-12))/((-4)/6). Let x = d + 1. Let m(t) = t**3 - t**2 - 2*t - 1. Calculate m(x).
-1
Let k(h) = -h**2 - 13*h - 19. Let v be k(-11). Let p(n) = 11*n**3 + n**2 + 4*n + 5. Let m(o) = -5*o**3 - 2*o - 2. Let s(j) = -9*m(j) - 4*p(j). Determine s(v).
-5
Let d(r) be the third derivative of -1/60*r**5 + 2*r**2 + 0*r**3 + 0 + 1/12*r**4 + 0*r. Let p be (6/(-10))/((-2)/10). What is d(p)?
-3
Let x(h) be the second derivative of h**5/20 + 5*h**4/12 + h**3 + 2*h**2 + h. Let u = -1 + -3. Let l be x(u). Let m(z) = -z**3 - 3*z**2 + 5*z - 1. Give m(l).
-5
Let s(i) = i**3 + 5*i**2 - 5*i**3 + 3*i**3 - i. Let d(q) = -q**3 + 7*q**2 + q - 2. Let y be d(7). What is s(y)?
-5
Let g(y) = 2*y**2 - y - 3. Let d(w) be the second derivative of -w**5/20 - 2*w**4/3 - 7*w**3/6 - 3*w**2 - 4*w. Let r be d(-7). Let m = 9 + r. Give g(m).
12
Suppose 5 - 23 = 